) = -1322*h - 171908. Calculate s(-130).
-48
Let r(i) = 6*i**2 + 483*i + 5809. What is r(-66)?
67
Let t(s) = -s**3 - 17*s**2 + 652*s - 3790. Calculate t(11).
-6
Let j(z) = 2491*z - 19123. Calculate j(8).
805
Let g(n) = -2307*n - 2018616. What is g(-875)?
9
Let p(z) = -9139*z - 658013. What is p(-72)?
-5
Let i(c) = c**3 + 14*c**2 + 3299*c + 35932. Give i(-11).
6
Let b(w) = -4*w**2 + 23412*w - 2142721. Calculate b(93).
-1
Let m(b) = 2*b**2 - 10*b - 2014. Calculate m(0).
-2014
Let a(b) = 163455*b - 2615241. Give a(16).
39
Let s(v) = -v**3 - 22*v**2 - 513*v - 12206. Determine s(-23).
122
Let s(y) = -21*y**2 - 1867*y - 2. Determine s(-89).
-180
Let w(q) = 109*q**2 - 29723*q + 4. Calculate w(0).
4
Let i(v) = v**3 - 59*v**2 + 77*v - 637. What is i(58)?
465
Let j(a) = 232898*a + 3. Give j(0).
3
Let a(g) = g**3 - 102*g**2 + 404*g - 1181. Determine a(98).
-5
Let a(z) = -z**3 + 724*z**2 - 1483*z + 28182. What is a(722)?
24
Let s(m) = m**3 - 82*m**2 - 156*m - 1097. What is s(84)?
-89
Let u(f) = 61*f + 5678. What is u(-126)?
-2008
Let o(m) = -m**2 - 272*m + 8031. Calculate o(27).
-42
Let f(j) = -j**2 + 2384*j + 139132. Calculate f(-57).
-5
Let r(f) = -372*f**2 - 773*f - 10. Calculate r(-2).
48
Let q(b) = 13*b**2 - 277*b + 1813. Calculate q(19).
1243
Let c(p) = -p**3 - 64*p**2 + 9*p + 479. Determine c(-64).
-97
Let b(o) = 55622*o + 166873. Give b(-3).
7
Let c(z) = z**3 + 56*z**2 - 1326*z - 59150. Give c(-62).
-2
Let s(v) = 6*v**2 - 1144*v + 47313. Determine s(130).
-7
Let g(b) = -1056*b + 23184. Calculate g(22).
-48
Let h(x) = x**3 + 4*x**2 + 2405*x - 12238. Give h(5).
12
Let r(u) = -2*u**3 + 22*u**2 + 5391*u - 54105. Calculate r(10).
5
Let v(m) = 2*m**3 + 19*m**2 - 25*m - 34. Determine v(7).
1408
Let z(c) = 270*c**2 + 1843*c - 14. Give z(-7).
315
Let h(p) = -2*p**3 + 133*p**2 - 1050*p + 3750. Determine h(58).
38
Let t(h) = -836*h - 858569. Determine t(-1027).
3
Let t(m) = 14*m**2 + 187*m - 11405. What is t(-36)?
7
Let w(t) = 3263*t - 205571. Calculate w(63).
-2
Let n(c) = 3*c**2 - 527*c - 466114. Calculate n(-316).
-14
Let g(p) = -p**3 + 19*p**2 - 298*p + 6303. What is g(20)?
-57
Let r(i) = -i**3 - 17*i**2 - 40*i + 165. Determine r(-11).
-121
Let f(g) = 135*g + 5105. What is f(-52)?
-1915
Let p(c) = 2*c**3 + 123*c**2 - 191*c - 259. Determine p(-63).
-133
Let k(d) = 3*d**3 + 192*d**2 + 1334*d - 26. Calculate k(-8).
54
Let y(z) = z**3 - 130*z**2 + 1729*z - 109. Calculate y(115).
351
Let l(s) = -3462*s + 114796. Give l(34).
-2912
Let y(t) = -109*t - 8942. Give y(-79).
-331
Let a(h) = h**3 + 42*h**2 + 157*h - 681. What is a(-37)?
355
Let r(f) = -4*f**3 - 776*f**2 + 31003*f - 1145. Determine r(-228).
-5
Let w(l) = 3*l**2 - 73607*l - 73609. Determine w(-1).
1
Let j(l) = -55079*l - 220322. Determine j(-4).
-6
Let g(w) = 127138*w - 635687. Calculate g(5).
3
Let a(h) = -315025*h + 2205177. Determine a(7).
2
Let z(w) = 5468*w + 1323261. Give z(-242).
5
Let u(k) = 196*k**2 + 3943*k - 3615. What is u(-21)?
18
Let c(m) = -518986*m + 1557015. Calculate c(3).
57
Let m(n) = 779*n + 34844. Determine m(-45).
-211
Let n(b) = -b**3 - 142*b**2 + 218*b + 30962. What is n(-142)?
6
Let f(t) = 3000*t - 243063. Calculate f(81).
-63
Let n(f) = -231668*f + 2316659. Determine n(10).
-21
Let y(h) = 4*h**2 + 1707*h + 24155. What is y(-14)?
1041
Let d(y) = y**3 + 32*y**2 + 466*y + 12189. Determine d(-30).
9
Let c(w) = -6*w**2 + 243*w + 16516. What is c(-36)?
-8
Let j(s) = s**2 - 44*s + 304. What is j(7)?
45
Let h(y) = -1624*y**2 + 11603*y - 1684. Determine h(7).
-39
Let j(l) = -l**2 - 93*l - 2425. Calculate j(-41).
-293
Let x(w) = -5*w**3 - 26*w**2 + 145*w + 5. Give x(5).
-545
Let b(q) = 2700*q - 394198. Calculate b(146).
2
Let c(a) = 675*a + 2595. What is c(-5)?
-780
Let t(w) = -1466*w - 33702. Determine t(-23).
16
Let q(g) = -g**3 - 334*g**2 + 1665*g - 24. Calculate q(5).
-174
Let b(l) = -2*l**2 + 398*l - 4849. What is b(184)?
671
Let c(o) = o**3 - 127*o**2 - 264*o + 112. Give c(129).
-662
Let j(v) = -62*v**2 + 242*v - 217. Calculate j(3).
-49
Let c(v) = -1547*v + 99056. Calculate c(64).
48
Let h(i) = 2300*i - 1971177. Give h(857).
-77
Let q(c) = c**3 - 36*c**2 + 567*c - 16981. Determine q(34).
-15
Let m(j) = -j**2 + 115*j - 294. Determine m(94).
1680
Let m(t) = -9888*t + 168086. Give m(17).
-10
Let w(m) = 5150*m + 486. Give w(0).
486
Let b(a) = -a**3 - 51*a**2 + 100*a + 186. Give b(3).
0
Let q(u) = 80545*u - 563812. Calculate q(7).
3
Let p(s) = -s**3 - 933*s**2 - 138380*s + 6. Determine p(-185).
6
Let b(h) = -h**3 - 26*h**2 + 4353*h - 1770. Determine b(54).
12
Let l(i) = -5*i**2 + 2280*i - 186707. Give l(349).
8
Let a(h) = 2*h**3 + 6*h**2 - 130*h + 13. Calculate a(-10).
-87
Let s(f) = -2896*f + 158965. Calculate s(55).
-315
Let o(d) = 2*d**3 - 62*d**2 - 113*d - 561. What is o(32)?
-2129
Let n(h) = 2016*h - 16983. Give n(8).
-855
Let y(a) = 36*a**2 + 2207*a + 612. What is y(-61)?
-59
Let x(v) = -37*v**2 + 50*v - 154. Calculate x(6).
-1186
Let t(m) = -20401*m - 122406. What is t(-6)?
0
Let c(r) = 2*r**3 - 77*r**2 - 127*r + 3418. Determine c(39).
-14
Let m(x) = -5918*x - 136442. Give m(-23).
-328
Let u(r) = -11885*r + 296938. Give u(25).
-187
Let q(y) = -y**3 - 21*y**2 - 64*y + 4. Calculate q(-17).
-64
Let v(m) = -877*m**2 + 207*m + 199. Give v(-1).
-885
Let l(r) = -2*r**3 - 291*r**2 - 991*r + 156. Determine l(-142).
-270
Let j(c) = c**2 + 52*c + 1148. Determine j(-21).
497
Let t(c) = c**2 + 60*c + 5. Calculate t(-9).
-454
Let k(h) = 3*h**2 - 123*h - 7003. Determine k(-32).
5
Let x(f) = 5*f**3 - 121*f**2 - 237*f + 36. Calculate x(26).
-42
Let t(b) = -2*b**3 + 521*b**2 + 2938*b - 2991. Determine t(266).
201
Let w(q) = q**3 + 52*q**2 - 446*q - 1942. Calculate w(-59).
5
Let o(l) = -24*l**2 - 7710*l - 1923. What is o(-321)?
3
Let b(w) = 76*w**2 + 226*w + 1530. Give b(-7).
3672
Let l(c) = -748*c**2 + 4709*c + 2. Calculate l(6).
1328
Let q(m) = -m**3 - 6*m**2 + 112*m - 323. Determine q(-16).
445
Let j(f) = 151*f**3 - 3*f**2 - 56*f - 130. What is j(-3)?
-4066
Let q(w) = -33*w**2 - 75*w + 156. Determine q(2).
-126
Let o(s) = -s**2 - 9258*s - 55485. What is o(-6)?
27
Let c(t) = -2*t**2 - 40396*t + 242383. Determine c(6).
-65
Let x(l) = -337161*l + 2360129. Determine x(7).
2
Let t(q) = 2*q**3 - 314*q**2 + 922*q. Calculate t(3).
-6
Let q(p) = 13*p**2 + 30055*p + 210456. Give q(-7).
708
Let f(j) = -10*j**2 - 199*j + 22965. Determine f(39).
-6
Let g(w) = w**3 + 95*w**2 - 825*w - 8. Calculate g(8).
-16
Let d(s) = 2*s**3 + 79*s**2 - 465*s - 59. Give d(-44).
2977
Let c(t) = -699*t - 45525. Give c(-65).
-90
Let k(u) = -435*u - 31024. Give k(-71).
-139
Let q(v) = -v**3 + 81*v**2 - 422*v + 3999. What is q(76)?
807
Let f(l) = -3*l**3 - 2356*l**2 + 221916*l + 1620. Determine f(85).
5
Let d(z) = z**3 + 17*z**2 - 17*z + 96. Calculate d(-19).
-303
Let i(h) = -h**3 + 307*h**2 + 841*h - 264. Calculate i(-3).
3
Let s(a) = -a**2 + 585*a - 84697. Calculate s(263).
-11
Let i(t) = -105*t + 6645. Calculate i(62).
135
Let c(l) = -4*l**3 + 153*l**2 - 46*l + 1211. Determine c(38).
907
Let r(o) = -29*o**3 + 11*o**2 - 494*o - 503. Calculate r(-1).
31
Let h(z) = z**3 + 82*z**2 - 162*z + 699. Calculate h(-84).
195
Let v(i) = -i**3 + 83*i**2 + 104*i - 2607. Determine v(85).
-8217
Let p(t) = 891*t**2 + 1323*t - 918. Determine p(-2).
0
Let f(w) = -441*w - 7054. Give f(-16).
2
Let t(k) = -k**3 + 25*k**2 - 97*k - 74. What is t(7)?
129
Let w(m) = 208*m - 33373. Calculate w(161).
115
Let r(y) = 4*y**2 - 163*y - 697. What is r(-4)?
19
Let b(x) = -15*x**3 - 85*x**2 + 344*x + 1961. Determine b(-5).
-9
Let d(f) = 20144*f + 100656. What is d(-5)?
-64
Let u(y) = -165*y**2 + 134*y + 92. What is u(-3)?
-1795
Let r(m) = -m**3 + 15*m**2 + 14*m - 30. Determine r(7).
460
Let s(i) = 54*i - 9263. Give s(174).
133
Let u(d) = -2407*d - 113389. Calculate u(-47).
-260
Let p(f) = -f**3 + 394*f**2 - 998*f + 83879. Determine p(392).
-9
Let l(u) = 2*u**3 + 15*u**2 + 39*u - 135. Determine l(5).
685
Let v(s) = -26*s**2 + 3395*s - 13187. Give v(4).
-23
Let v(b) = -b**3 + 6*b**2 + 752*b + 127. Give v(31).
-586
Let z(s) = -5*s**2 - 164*s - 216. Determine z(0).
-216
Let g(c) = 68859*c - 688597. What is g(10)?
-7
Let v(d) = -2*d**2 - 67*d + 8479. Give v(63).
-3680
Let t(b) = b**3 - 39*b**2 + 8*b - 401. Give t(38).
-1541
Let a(z) = -1288*z - 47433. Give a(-